at is t(-4)?
6
Let d(c) = -c**3 - 47*c**2 + 51*c + 151. Calculate d(-48).
7
Let a(h) = 2*h**2 - 27*h + 46. Calculate a(14).
60
Let b(t) = 75*t - 742. What is b(11)?
83
Let t(c) = 50*c - 3871. Determine t(67).
-521
Let t(c) = 223*c + 178. What is t(-1)?
-45
Let l(n) = -2*n**2 - 33*n + 1942. Calculate l(24).
-2
Let r(t) = -t**3 - 5*t**2 + 12*t + 2. Determine r(-6).
-34
Let b(w) = 78*w + 166. Give b(-2).
10
Let b(m) = m**3 - 44*m**2 + 400*m + 59. Determine b(31).
-34
Let m(k) = 374*k + 1170. Calculate m(-3).
48
Let g(o) = o**3 - 20*o**2 + 91*o - 100. Give g(5).
-20
Let j(c) = 122*c - 2688. Calculate j(22).
-4
Let l(a) = 2*a**3 - a**2 - 26*a + 101. Determine l(5).
196
Let c(z) = -z**3 - 77*z**2 + 321*z - 2. What is c(4)?
-14
Let f(y) = -10*y**2 - 96*y - 24. What is f(-9)?
30
Let i(k) = 147*k - 6166. Determine i(42).
8
Let s(p) = -p**3 + 41*p**2 - 32*p - 230. Give s(40).
90
Let g(j) = -j**3 - 8*j**2 - 8*j + 2. Determine g(-4).
-30
Let l(w) = -61*w - 7741. Give l(-127).
6
Let y(u) = u**3 - 24*u**2 + 27*u - 86. Determine y(23).
6
Let x(h) = 5*h**2 + 79*h + 14. Determine x(-9).
-292
Let i(r) = r**2 - 559*r + 2223. Give i(4).
3
Let i(w) = 3*w**3 - 156*w**2 - 7*w. Calculate i(52).
-364
Let x(j) = 4*j**2 + j - 29. Give x(4).
39
Let d(f) = 362*f**2 + f - 2. Calculate d(1).
361
Let o(k) = k**3 - 5*k**2 - 63*k + 208. Determine o(8).
-104
Let o(l) = -13*l**2 - 1002*l - 89. Determine o(-77).
-12
Let o(p) = p**3 - 30*p + 54. Calculate o(3).
-9
Let c(m) = 33*m**3 + 4*m**2 + 6*m - 9. Calculate c(1).
34
Let i(z) = -14*z**3 + 23*z**2 + 46*z - 3. Give i(-2).
109
Let u(s) = -s**2 + 10*s + 12. Give u(11).
1
Let o(a) = a**3 + 24*a**2 - 49*a - 623. Calculate o(-25).
-23
Let o(i) = 622*i + 6216. Calculate o(-10).
-4
Let c(x) = x**3 + 5*x**2 + x - 36. Determine c(-7).
-141
Let v(j) = 3*j**3 - 2*j**2 - 3*j - 143. Determine v(0).
-143
Let w(r) = 255*r + 125707. What is w(-493)?
-8
Let m(b) = -9*b**2 - 91*b + 669. Give m(-15).
9
Let s(f) = 33*f + 304. Determine s(-9).
7
Let r(n) = 2*n**2 - 115*n - 539. What is r(-5)?
86
Let u(q) = 35*q**2 - 11*q + 22. Give u(2).
140
Let l(d) = -d**2 - 23*d - 148. Determine l(-20).
-88
Let s(r) = -28*r**3 - 4*r + 1. What is s(-2)?
233
Let q(t) = -t**3 - 58*t**2 - 60*t - 141. Determine q(-57).
30
Let r(v) = -7*v**2 + 403*v - 281. Calculate r(57).
-53
Let v(s) = 77*s - 1425. Give v(19).
38
Let j(f) = 47*f - 1121. What is j(24)?
7
Let s(u) = u**3 + 12*u**2 - 114*u - 116. Give s(-18).
-8
Let x(g) = 420*g - 6283. Give x(15).
17
Let j(t) = t**2 - 38*t - 76. Calculate j(31).
-293
Let h(d) = -d**3 + 21*d**2 + 2144*d - 53. What is h(-37)?
21
Let v(t) = t**3 - 4*t**2 + 16*t - 45. Calculate v(9).
504
Let c(x) = 11*x**2 + 115*x + 337. What is c(-3)?
91
Let i(d) = -14*d**3 - 2*d**2 - 4*d - 3. Determine i(-1).
13
Let l(t) = 200*t**2 - 3799*t + 14. Determine l(19).
33
Let v(a) = -25*a + 135. Calculate v(5).
10
Let a(s) = -1027*s - 6159. Give a(-6).
3
Let y(t) = 2*t**2 + 44*t - 138. What is y(-25)?
12
Let y(i) = 19*i**2 - 272*i - 27. What is y(12)?
-555
Let g(w) = -w**2 + 308*w - 8586. What is g(31)?
1
Let g(i) = -233*i - 5881. Calculate g(-25).
-56
Let q(z) = -2*z**2 - 27*z - 79. Give q(-11).
-24
Let r(g) = 106*g - 11108. Determine r(105).
22
Let i(z) = -z**2 - 29*z + 23. Give i(-30).
-7
Let m(p) = 4*p**2 - 64*p + 20. Determine m(-6).
548
Let f(c) = -c**3 + 11*c**2 - c + 12. Calculate f(10).
102
Let f(z) = z**2 - 20*z + 40. Give f(9).
-59
Let p(f) = -19*f + 323. Give p(16).
19
Let z(g) = -g**3 + 4*g - 13. What is z(-4)?
35
Let y(h) = h**2 - 25*h - 657. Calculate y(41).
-1
Let q(y) = y**2 - 138*y - 7122. Calculate q(-40).
-2
Let g(l) = 127*l - 17151. Calculate g(135).
-6
Let u(b) = 26*b + 386. Calculate u(-15).
-4
Let p(o) = -o**3 + 9*o**2 + 11*o - 23. What is p(10)?
-13
Let n(u) = -17*u**3 - 133*u**2 + 32*u + 28. Determine n(-8).
-36
Let l(h) = -4*h**3 - h**2 - 7*h + 7. Calculate l(2).
-43
Let k(a) = a**3 + 8*a**2 - 132*a + 2. Give k(8).
-30
Let z(n) = -2*n**3 + 79*n**2 - 104*n - 337. Calculate z(38).
43
Let s(b) = -b**3 - 23*b**2 - 29*b + 26. Give s(-22).
180
Let l(t) = -20*t**2 + 25*t + 24. What is l(-1)?
-21
Let k(c) = -10*c**3 + 11*c**2 - c. Give k(1).
0
Let f(i) = -i**3 - 49*i**2 + 216*i - 81. Give f(-53).
-293
Let k(v) = -13*v + 10. What is k(-7)?
101
Let y(u) = -u**2 - 21*u + 131. What is y(10)?
-179
Let h(z) = z**3 + 22*z**2 + 25*z + 7. What is h(-21)?
-77
Let a(z) = z**3 + 8*z**2 - 7*z + 15. Give a(-8).
71
Let g(k) = -k**3 + 3*k**2 + 80*k - 282. Calculate g(4).
22
Let i(k) = -k**2 - 217*k - 9632. Calculate i(-62).
-22
Let n(q) = 86*q + 833. What is n(-10)?
-27
Let g(j) = j**3 - 326*j - 38. Calculate g(-18).
-2
Let h(i) = i**3 + 28*i**2 + 198*i + 91. Calculate h(-13).
52
Let q(t) = -t**2 - 21*t - 32. What is q(-13)?
72
Let c(r) = -173*r - 40. Determine c(0).
-40
Let f(p) = -5*p**2 - 153*p + 81. Calculate f(-25).
781
Let v(n) = 2*n**3 + 3*n**2 + 10*n + 63. What is v(-5)?
-162
Let f(d) = 80*d - 3669. Determine f(46).
11
Let k(g) = -g**3 - 2*g**2 - 105*g - 454. Give k(-4).
-2
Let l(b) = -2*b**2 - 20*b - 22. Give l(-10).
-22
Let r(t) = t**3 - 21*t**2 - 483*t - 2057. Calculate r(36).
-5
Let n(t) = 259*t + 773. What is n(-3)?
-4
Let l(r) = 366*r - 23082. What is l(63)?
-24
Let q(t) = 2269*t + 20423. What is q(-9)?
2
Let i(o) = 147*o - 2201. Calculate i(15).
4
Let g(f) = -f**3 + 13*f**2 - 12*f + 51. What is g(13)?
-105
Let z(s) = 5*s**2 - 82*s + 174. Determine z(14).
6
Let t(u) = -424*u**2 + 10173*u - 21. What is t(24)?
-93
Let c(r) = 3*r**2 - 8*r + 29. What is c(0)?
29
Let u(l) = -2*l**2 + 188*l - 1847. Give u(83).
-21
Let l(i) = 3*i**2 + 322*i - 216. Determine l(-108).
0
Let f(l) = -82*l + 4757. What is f(58)?
1
Let u(m) = m**2 + 20*m - 945. Give u(23).
44
Let d(y) = -87*y + 650. Determine d(8).
-46
Let n(t) = t**2 - 2169*t - 97368. Give n(-44).
4
Let a(y) = y**3 - 2*y**2 + 33*y - 337. Determine a(0).
-337
Let h(i) = -5*i**2 + 70*i - 446. Give h(6).
-206
Let y(d) = d**3 - 31*d - 36. What is y(-6)?
-66
Let j(p) = p**2 - 42*p - 20. What is j(22)?
-460
Let f(n) = n**2 - 14*n - 102. Give f(20).
18
Let d(m) = -3*m**3 - 272*m**2 - 182*m - 196. Determine d(-90).
-16
Let h(r) = -r**3 - 11*r**2 + 61*r + 644. What is h(-11)?
-27
Let r(l) = l**3 - 143*l**2 + 331*l - 6873. Calculate r(141).
36
Let n(d) = -d**3 + 12*d**2 - 9*d + 47. Determine n(11).
69
Let n(l) = -l**3 + 65*l**2 - 7*l + 41. What is n(65)?
-414
Let w(b) = -26*b + 237. Calculate w(9).
3
Let o(l) = 22*l + 38. Calculate o(-4).
-50
Let f(b) = -b**3 - 25*b**2 + 54*b - 7. Give f(-27).
-7
Let f(z) = 5*z**2 + 77*z + 243. Calculate f(-4).
15
Let n(q) = 3*q**3 + 8*q**2 - 20*q - 55. Determine n(-3).
-4
Let a(d) = -13*d + 247. What is a(25)?
-78
Let j(o) = 3*o - 50. Determine j(33).
49
Let g(i) = -i**3 - 65*i**2 - 48*i + 993. Calculate g(-64).
-31
Let g(w) = -w**2 - 21*w - 2. What is g(-18)?
52
Let p(f) = -f**2 - f + 29. What is p(-8)?
-27
Let m(k) = -537*k - 237885. Determine m(-443).
6
Let u(j) = 2*j**2 - 144*j + 2356. Give u(25).
6
Let p(g) = -2*g**3 + 127*g**2 - 65*g + 3. Determine p(63).
-123
Let a(m) = m**3 + 16*m**2 - 39*m - 564. What is a(-11)?
470
Let j(c) = c**2 - 60*c + 23. Give j(0).
23
Let j(y) = -147*y - 436. What is j(-3)?
5
Let s(a) = -a**3 - 7*a**2 - 17*a - 42. Determine s(-8).
158
Let t(x) = -x**3 - 37*x**2 - 74*x - 107. Determine t(-35).
33
Let d(n) = n**3 + 41*n**2 + 26*n - 519. Calculate d(-40).
41
Let a(n) = 108*n - 4094. Calculate a(38).
10
Let q(w) = w - 271. Determine q(4).
-267
Let h(t) = -12*t**2 - 122*t + 6. Calculate h(-9).
132
Let x(l) = -l**2 + 986*l - 16482. Calculate x(17).
-9
Let m(d) = -d**3 + 7*d**2 + 5*d. Give m(8).
-24
Let p(y) = -y**3 - 24*y**2 + 108*y + 49. Determine p(-28).
161
Let z(u) = -6*u**2 - 9*u + 119. Give z(6).
-151
Let d(k) = k**3 + 10*k**2 + 10*k - 24. Give d(-8).
24
Let j(i) = -i**2 - 28*i - 25. What is j(-27)?
2
Let a(m) = -m**3 + 4*m**2 - 5*m - 5. Calculate a(-4).
143
Let u(f) = f**3 + 2*f**2 - 72*f - 4. What is u(-7)?
255
Let p(b) = b**2 - 13*b - 41. Determine p(-4).
27
Let n(q) = q**3 - 52*q**2 - 480*q - 4. Determine n(60).
-4
Let l(r) = -3*r**3 + 61*r**2 + 31*r + 247. Determine l(21).
16
Let i(c) = 10*c**2 + 518*c - 102. What is i(-52)?
2
Let v(q) = q**3 + 20*q**2 + 10*q - 30. Give v(-19).
141
Let v(m) = 146*m - 1281. What is v(9)?
33
Let r(a) = -a**